 = -4*t + 5*y. Suppose t = -4*h + 16*h - 72. Calculate the greatest common divisor of a and h.
6
Let f be (-95)/(-2) + 3/6. Let s = 66 + -92. Let y = f + s. Calculate the greatest common divisor of y and 198.
22
Suppose 5*g - 55 = 10*g. Let i = g + 119. Calculate the highest common factor of 12 and i.
12
Let h = -16 + 88. Let x(t) = -5*t**3 - 7*t**2 + 3*t + 2. Let w be x(-2). What is the highest common factor of h and w?
8
Suppose -13*r - 8*r = -13104. Calculate the highest common factor of 48 and r.
48
Suppose 259 - 94 = 5*l. What is the greatest common factor of 57 and l?
3
Let d = 3378 - 2972. Calculate the highest common divisor of 290 and d.
58
Let j be 3 + (-1 - -3) + 2. Suppose 3*a + 10 = h, -48*a - 39 = -5*h - 44*a. What is the highest common divisor of h and j?
7
Suppose 3*h - 5*j = 161, 2*j = 2*h - 13 - 93. What is the highest common factor of h and 234?
26
Suppose -3*i + 3*p = -2*p + 1, 4*i - 20 = -4*p. Suppose 36 = i*u + 6*u. What is the greatest common divisor of 10 and u?
2
Let g(l) = l**2 - 4*l - 10. Let s be g(8). Let y = -1088 - -1121. What is the highest common factor of y and s?
11
Suppose -3*o + 5*b + 2 = 0, 5*b - 37 + 15 = -3*o. Suppose -o*s + 1071 = -45. Calculate the highest common factor of s and 31.
31
Suppose -15*c = -2864 - 496. Calculate the greatest common factor of 56 and c.
56
Let i = -154 + 302. Calculate the greatest common divisor of 8 and i.
4
Suppose 6*b - b = 10. Let u(o) = 2*o**3 - 20*o**2 + o - 5. Let x be u(10). Let i be (-14)/(-8) + x + (-38)/8. What is the highest common factor of b and i?
2
Let z(t) = -63*t - 218. Let o be z(-8). What is the highest common factor of 52 and o?
26
Let w(z) = z**3 - 7*z**2 - 1. Let k be w(6). Let u(h) = 29*h - 2. Let y be u(3). Let p = k + y. What is the highest common factor of p and 12?
12
Suppose 33 = 2*l + 5*z, -4*l = l - 4*z - 132. Let v be 16/l*168/2. Suppose -v = -8*a + 4*a. Calculate the highest common divisor of a and 14.
14
Suppose 5*k - 2*c + 81 = 967, -716 = -4*k + 4*c. Let n = -963 - -979. What is the highest common factor of n and k?
16
Suppose 3*k + 2*k - 55 = 0. Let j(v) = -v**2 + 12*v + 1. Let f be j(8). Calculate the highest common factor of f and k.
11
Let y = -26 + 22. Let k be 1/3*(y + 67). What is the greatest common divisor of 3 and k?
3
Let p(o) = -2*o**2 - 16*o + 3. Let h be p(-8). Calculate the greatest common factor of 7 and h.
1
Suppose 0 = -7*h + 4*h + 72. Calculate the highest common factor of 136 and h.
8
Let s(t) = -t**2 - 9*t - 6*t + 11*t**2 + 9*t. Let u be s(3). What is the highest common factor of u and 24?
24
Suppose 127 - 211 = -6*d. Calculate the highest common divisor of 21 and d.
7
Let w(j) = -19*j**2 - 16*j + 2. Let z be w(-2). Let h be ((-6)/z*-6)/(3/(-105)). What is the greatest common divisor of 15 and h?
15
Let h be 4*1/4 + -1. Suppose 8*c - 1181 - 227 = h. Calculate the highest common divisor of 22 and c.
22
Let y = -232 + 313. What is the greatest common factor of 36 and y?
9
Suppose 3*c = -4 + 16, 2*s - 2*c = -22. Let k be (s/(-3) + -2)*15. Suppose 0 = k*d - 21 - 4. What is the greatest common divisor of d and 1?
1
Let v be (2 - (2 - 0))/(-1). Suppose v = -2*j - 12 + 254. Suppose -10 = -5*x, -4*n - 2*x = -2*n - 26. What is the highest common factor of n and j?
11
Let n(y) = y**3 + 10*y**2 - 15*y + 1. Let p be n(-11). Suppose 0 = l + 1 - 6. Calculate the highest common divisor of p and l.
5
Suppose 2 = g + 12. Let w(a) = a**3 + 9*a**2 - 10*a - 3. Let k be w(g). Let x be -1*345/(-5) - k. What is the highest common divisor of x and 8?
8
Let d be -2 + 2 + 1 - -3. Suppose -d = -k - 0. Let t be k/(-6)*(-42)/4. Calculate the highest common factor of t and 49.
7
Suppose 6*k - 874 + 262 = 0. What is the greatest common factor of 6 and k?
6
Let b(n) = 226*n - 5. Let g be b(1). What is the greatest common divisor of g and 13?
13
Let t(n) = -17*n**3 - n**2 + n + 1. Let a be t(-1). Let y be -2 - a*20/(-4). Calculate the highest common factor of 52 and y.
26
Let f(g) = -2*g**2 - 35*g - 5. Let o be f(-11). Calculate the highest common factor of 46 and o.
46
Let u(p) = 45*p - 34. Let i be u(2). What is the highest common divisor of 238 and i?
14
Let u = 16 + -22. Let j be (-44)/(-3) - (-4)/u. What is the highest common factor of 7 and j?
7
Let j be 153/(-3)*(-2)/3 + -5. What is the greatest common divisor of j and 87?
29
Let m = 43 + -41. Suppose p = -m*n + 67, -2*n = 5*p - 21 - 346. Let s be (-29)/(-2) + 2/4. Calculate the greatest common divisor of s and p.
15
Let b = 0 + -8. Let k be (-140)/b*(-2)/(-5). What is the highest common factor of 35 and k?
7
Let n be (28/(-5))/(-6 + (-592)/(-100)). What is the greatest common factor of n and 20?
10
Suppose 4*m - 3*m + k = 35, -m = 4*k - 23. Let u be 304/(-56) + 6 - 1907/(-7). Calculate the greatest common factor of m and u.
39
Suppose 6*u = -u + 49. Let l = 6 - 5. Suppose 0 - l = -k. What is the highest common factor of u and k?
1
Let y be 1*2*(-7875)/(-250). Calculate the highest common factor of 56 and y.
7
Let x = 2686 - 1091. What is the greatest common divisor of x and 22?
11
Suppose 5*p = 3*g + 216, -3*p = -p + 2*g - 96. Calculate the highest common factor of p and 90.
45
Let a(w) = 4 + 5*w**2 + 4*w + 1 - 8. Let x be a(-3). Suppose 0*k - 5*k = -100. Calculate the greatest common factor of k and x.
10
Suppose -90 = -5*k - 0*k. Suppose r + 8 = k. Calculate the greatest common divisor of 60 and r.
10
Let z be 141/9 - 6/9. Let t(a) = -a**2 - 21*a + 25. Let h be t(-16). What is the greatest common divisor of z and h?
15
Let s = -75 - -90. Let x be (-6 - -2) + (-218)/(-2). Calculate the greatest common factor of x and s.
15
Let t = -71 - -240. Suppose 2*z - 3*g + 151 = 4*z, 2*z = 3*g + t. What is the greatest common factor of z and 8?
8
Suppose -3*t + 2*y + 22 = 0, 4*t = -5*y + 6 + 8. Suppose -2*d = -4*s - 94, 2*d - d = 4*s + 55. Let r = 63 - d. What is the greatest common divisor of r and t?
6
Let d be (-1)/4 + (-381)/(-4). Suppose -3*q + d = -40. Calculate the highest common factor of q and 9.
9
Let f(g) = -g**3 + 3*g + 8. Let l be f(-3). What is the highest common factor of l and 221?
13
Let g(f) = -8*f + 0 - 10 - 3*f. Let n be g(-6). Calculate the greatest common factor of n and 16.
8
Let a = -16 + 32. Let b = 81 - 32. Let i = -33 + b. Calculate the highest common factor of a and i.
16
Suppose -4*y = -3*y + 4. Let i be (-18)/(y + 6/3). Suppose t = 10 - i. Calculate the highest common factor of t and 9.
1
Let v = -14 + 8. Let p(l) = -41*l + 6. Let f be p(v). Suppose 4*j + 0*j - f = 0. What is the greatest common divisor of 9 and j?
9
Suppose -10*c + 16 = -2*c. Let v = c - 0. Calculate the greatest common factor of v and 22.
2
Let x be (-88)/(-5) - 22/(-55). Suppose 0 = -i + 2*i - 7. Suppose 5*t + 2*j = 172, 4*j + i = -t + 27. What is the greatest common factor of x and t?
18
Let i be ((-10)/(-4))/(10/24). Let b be (-1 - 2)/(i/4). Let c be b/((-66)/15 + 4). What is the highest common factor of 15 and c?
5
Let n be -15 + -3 + 10 + 68. What is the greatest common factor of n and 450?
30
Let z(a) = a**3 - 2*a**2 + 34. Let u be z(0). Let p = 36 - 31. Suppose -p*g = -690 + 180. What is the highest common factor of g and u?
34
Suppose -3*j = j + 24. Let z be j/(-4)*46 + 3. Suppose -5*d - z = -7*d. Calculate the highest common factor of d and 24.
12
Let y be 7*(-4 - (-30)/7). Suppose -v - 10 = 5*m - 56, -122 = -5*v + y*m. What is the greatest common factor of 52 and v?
26
Suppose -4*r + 3*w = -47, -5*w - 2 - 3 = 0. Suppose -2*p - 2 = 0, 2*p - 32 = -3*k + p. Calculate the greatest common factor of k and r.
11
Suppose -7*a - 753 = -3203. Let h(u) = -u**2 - 9*u + 2. Let f be h(-9). Suppose a = 7*r - f*r. What is the greatest common divisor of r and 10?
10
Let z = -611 - -644. Calculate the greatest common divisor of 253 and z.
11
Suppose 3*j - 4*j = -38. Let i = -493 + 550. Calculate the greatest common divisor of i and j.
19
Let r = -248 - -268. What is the highest common divisor of r and 15?
5
Let p(o) = -9 - 4*o - 4*o + 6*o. Let z(i) = -i**3 + 3*i**2 + 16*i + 3. Let g be z(6). Let h be p(g). What is the greatest common factor of 36 and h?
9
Let f be (13/(-5) - 1)*(-6650)/285. What is the highest common factor of f and 84?
84
Suppose -o - 2*p = -46, 2*o - p = -2*o + 148. Calculate the greatest 